30
Calculate the remainder when 5083 is divided by 124.
123
What is the remainder when 709 is divided by 142?
141
Calculate the remainder when 161 is divided by 34.
25
Calculate the remainder when 457 is divided by 51.
49
What is the remainder when 401 is divided by 103?
92
Calculate the remainder when 850 is divided by 139.
16
What is the remainder when 132 is divided by 67?
65
Calculate the remainder when 503 is divided by 63.
62
Calculate the remainder when 447 is divided by 45.
42
What is the remainder when 6400 is divided by 492?
4
What is the remainder when 175 is divided by 8?
7
Calculate the remainder when 470 is divided by 43.
40
What is the remainder when 370 is divided by 132?
106
Calculate the remainder when 3316 is divided by 158.
156
What is the remainder when 395 is divided by 11?
10
What is the remainder when 377 is divided by 111?
44
Calculate the remainder when 7931 is divided by 24.
11
What is the remainder when 150 is divided by 21?
3
Calculate the remainder when 13964 is divided by 18.
14
Calculate the remainder when 847 is divided by 170.
167
Calculate the remainder when 407 is divided by 102.
101
Calculate the remainder when 132 is divided by 24.
12
Calculate the remainder when 1260 is divided by 56.
28
What is the remainder when 73 is divided by 14?
3
Calculate the remainder when 4572 is divided by 352.
348
Calculate the remainder when 160 is divided by 9.
7
Calculate the remainder when 25 is divided by 10.
5
What is the remainder when 316 is divided by 297?
19
Calculate the remainder when 34 is divided by 5.
4
Calculate the remainder when 439 is divided by 13.
10
Calculate the remainder when 181 is divided by 75.
31
What is the remainder when 623 is divided by 69?
2
What is the remainder when 474 is divided by 143?
45
What is the remainder when 254 is divided by 31?
6
Calculate the remainder when 2105 is divided by 34.
31
What is the remainder when 343 is divided by 148?
47
Calculate the remainder when 405 is divided by 44.
9
What is the remainder when 504 is divided by 171?
162
Calculate the remainder when 105 is divided by 44.
17
What is the remainder when 1259 is divided by 60?
59
Calculate the remainder when 592 is divided by 11.
9
What is the remainder when 533 is divided by 139?
116
Calculate the remainder when 247 is divided by 67.
46
What is the remainder when 274 is divided by 46?
44
What is the remainder when 1330 is divided by 47?
14
Calculate the remainder when 269 is divided by 243.
26
Calculate the remainder when 1012 is divided by 9.
4
What is the remainder when 239 is divided by 59?
3
Calculate the remainder when 98 is divided by 49.
0
What is the remainder when 1215 is divided by 220?
115
Calculate the remainder when 183 is divided by 19.
12
Calculate the remainder when 147 is divided by 30.
27
What is the remainder when 305 is divided by 235?
70
Calculate the remainder when 688 is divided by 13.
12
What is the remainder when 92 is divided by 4?
0
Calculate the remainder when 50 is divided by 19.
12
What is the remainder when 529 is divided by 89?
84
What is the remainder when 69 is divided by 50?
19
What is the remainder when 1189 is divided by 120?
109
What is the remainder when 10328 is divided by 12?
8
What is the remainder when 1718 is divided by 217?
199
What is the remainder when 76 is divided by 40?
36
What is the remainder when 116 is divided by 9?
8
Calculate the remainder when 368 is divided by 169.
30
Calculate the remainder when 848 is divided by 17.
15
Calculate the remainder when 4876 is divided by 17.
14
What is the remainder when 139 is divided by 68?
3
Calculate the remainder when 259 is divided by 164.
95
Calculate the remainder when 546 is divided by 93.
81
Calculate the remainder when 11556 is divided by 82.
76
What is the remainder when 908 is divided by 358?
192
What is the remainder when 289 is divided by 142?
5
What is the remainder when 40 is divided by 5?
0
Calculate the remainder when 36 is divided by 21.
15
Calculate the remainder when 344 is divided by 69.
68
Calculate the remainder when 2050 is divided by 46.
26
Calculate the remainder when 1223 is divided by 5.
3
Calculate the remainder when 221 is divided by 8.
5
What is the remainder when 352 is divided by 161?
30
What is the remainder when 91 is divided by 13?
0
Calculate the remainder when 2224 is divided by 203.
194
What is the remainder when 230 is divided by 77?
76
What is the remainder when 550 is divided by 34?
6
What is the remainder when 16390 is divided by 8?
6
Calculate the remainder when 1306 is divided by 325.
6
Calculate the remainder when 1936 is divided by 246.
214
Calculate the remainder when 169 is divided by 57.
55
What is the remainder when 75 is divided by 11?
9
Calculate the remainder when 460 is divided by 18.
10
Calculate the remainder when 118 is divided by 32.
22
Calculate the remainder when 223 is divided by 194.
29
What is the remainder when 170 is divided by 41?
6
Calculate the remainder when 202 is divided by 29.
28
What is the remainder when 1526 is divided by 153?
149
Calculate the remainder when 65 is divided by 37.
28
What is the remainder when 2282 is divided by 145?
107
Calculate the remainder when 1967 is divided by 41.
40
Calculate the remainder when 5552 is divided by 10.
2
Calculate the remainder when 2497 is divided by 10.
7
What is the remainder when 3 is divided by 3?
0
Calculate the remainder when 3694 is divided by 1839.
16
Calculate the remainder when 2348 is divided by 106.
16
Calculate the remainder when 337 is divided by 28.
1
What is the remainder when 14691 is divided by 93?
90
What is the remainder when 275 is divided by 94?
87
What is the remainder when 828 is divided by 817?
11
Calculate the remainder when 585 is divided by 16.
9
Calculate the remainder when 200 is divided by 85.
30
Calculate the remainder when 56 is divided by 29.
27
Calculate the remainder when 897 is divided by 150.
147
What is the remainder when 121 is divided by 25?
21
What is the remainder when 4092 is divided by 91?
88
Calculate the remainder when 155 is divided by 63.
29
Calculate the remainder when 180 is divided by 96.
84
Calculate the remainder when 249 is divided by 106.
37
What is the remainder when 351 is divided by 17?
11
Calculate the remainder when 222 is divided by 112.
110
What is the remainder when 537 is divided by 269?
268
What is the remainder when 2225 is divided by 124?
117
Calculate the remainder when 145 is divided by 65.
15
What is the remainder when 10392 is divided by 21?
18
What is the remainder when 53 is divided by 24?
5
Calculate the remainder when 466 is divided by 187.
92
Calculate the remainder when 79 is divided by 1.
0
What is the remainder when 1305 is divided by 119?
115
Calculate the remainder when 2411 is divided by 35.
31
What is the remainder when 105 is divided by 59?
46
Calculate the remainder when 13357 is divided by 61.
59
What is the remainder when 625 is divided by 33?
31
Calculate the remainder when 124 is divided by 44.
36
Calculate the remainder when 1797 is divided by 15.
12
Calculate the remainder when 279 is divided by 14.
13
What is the remainder when 1083 is divided by 16?
11
What is the remainder when 423 is divided by 39?
33
What is the remainder when 531 is divided by 19?
18
Calculate the remainder when 384 is divided by 55.
54
Calculate the remainder when 978 is divided by 107.
15
What is the remainder when 121 is divided by 57?
7
What is the remainder when 3638 is divided by 35?
33
Calculate the remainder when 1125 is divided by 35.
5
What is the remainder when 220 is divided by 32?
28
Calculate the remainder when 503 is divided by 121.
19
What is the remainder when 393 is divided by 102?
87
What is the remainder when 1605 is divided by 106?
15
What is the remainder when 740 is divided by 360?
20
Calculate the remainder when 122 is divided by 11.
1
Calculate the remainder when 1740 is divided by 52.
24
Calculate the remainder when 218 is divided by 5.
3
What is the remainder when 36995 is divided by 12330?
5
Calculate the remainder when 42 is divided by 11.
9
What is the remainder when 106 is divided by 45?
16
What is the remainder when 132 is divided by 3?
0
What is the remainder when 119 is divided by 4?
3
Calculate the remainder